 22. Determine b(-1).
180
Let p(n) = -128*n + 736. Calculate p(6).
-32
Let t(k) = -k**3 + 18*k + 2. Determine t(-5).
37
Let q(g) = -52*g + 29. Calculate q(1).
-23
Let x(q) = -5*q**2 + 28*q + 86. Give x(16).
-746
Let q(z) = z**3 - 9*z**2 + 20*z + 4. What is q(5)?
4
Let a(v) = 959*v - 2924. Calculate a(3).
-47
Let m(c) = c**2 - 47*c - 336. Calculate m(53).
-18
Let s(n) = 14507*n + 536762. Determine s(-37).
3
Let p(s) = 43*s + 246. Calculate p(-6).
-12
Let k(g) = 2*g**3 + 29*g**2 - 23*g - 144. Determine k(-15).
-24
Let s(a) = a**2 - 24*a - 7. What is s(25)?
18
Let i(q) = 47*q - 503. Calculate i(11).
14
Let s(v) = 8*v**2 + 124*v + 339. Determine s(-12).
3
Let w(d) = -d**2 + 78*d + 784. What is w(-9)?
1
Let i(f) = -3*f**3 + 19*f**2 - 3*f - 20. Calculate i(6).
-2
Let z(d) = 3*d**3 + 16*d**2 - 4*d - 78. Give z(-6).
-126
Let t(u) = -u**2 - 87*u + 696. Calculate t(-94).
38
Let i(u) = -1167*u - 98028. Give i(-84).
0
Let o(i) = 5*i**3 - 5*i**2 - 28*i + 140. Determine o(4).
268
Let p(r) = 46*r - 460. What is p(10)?
0
Let x(y) = -3*y**2 - 15*y + 2. What is x(8)?
-310
Let q(z) = -9*z - 263. Determine q(-24).
-47
Let z(d) = -19*d**3 - 8*d**2 + 9*d. Give z(1).
-18
Let l(b) = 22*b + 392. Calculate l(-18).
-4
Let x(q) = -782*q + 84419. Give x(108).
-37
Let g(r) = -r**3 - 11*r**2 - 22*r + 78. What is g(-6)?
30
Let r(v) = -4*v - 22. Determine r(-4).
-6
Let w(g) = -42*g - 693. Determine w(-16).
-21
Let j(w) = w**2 + 5*w + 16. What is j(0)?
16
Let y(i) = -77*i**2 - 4542*i + 69. What is y(-59)?
10
Let i(u) = u**2 - 22*u - 10. What is i(-9)?
269
Let c(d) = 14*d**2 - 60*d + 42. What is c(3)?
-12
Let s(i) = -2*i**2 - i - 107. Give s(-9).
-260
Let x(i) = -9*i**2 - 54*i - 2. Give x(-5).
43
Let q(t) = 857*t**2 - 18*t - 11. What is q(-1)?
864
Let c(p) = 27*p**2 - 3*p - 4. Determine c(-2).
110
Let m(v) = -2*v**2 - 51*v - 110. What is m(-23)?
5
Let d(u) = -586*u + 5293. What is d(9)?
19
Let b(p) = 9*p - 117. What is b(8)?
-45
Let s(d) = -26*d - 1375. Determine s(-48).
-127
Let t(p) = 9*p + 314. Determine t(-25).
89
Let a(r) = -70*r - 1541. Calculate a(-22).
-1
Let o(l) = l**3 + 7*l**2 - 7*l + 14. Determine o(4).
162
Let j(m) = -5*m**3 + 514*m**2 + 104*m - 96. Calculate j(103).
7
Let m(z) = 2*z + 17. Give m(-7).
3
Let z(d) = d**3 + 17*d**2 + 37*d + 71. Determine z(-15).
-34
Let h(g) = 8*g**2 + 111*g - 20. What is h(-14)?
-6
Let y(z) = -z**2 - 21*z + 84. Give y(-26).
-46
Let m(r) = 10*r**3 - 33*r**2 + 18*r - 61. Determine m(3).
-34
Let d(y) = -y**3 - 12*y**2 - 23*y - 8. Determine d(-11).
124
Let d(o) = -14*o - 11. What is d(-2)?
17
Let u(k) = -k**2 + 53*k + 969. Calculate u(-15).
-51
Let s(q) = q**2 + 29*q - 15. Determine s(-13).
-223
Let t(w) = -859*w**3 - 7*w**2 + 16*w - 11. Determine t(1).
-861
Let r(o) = -23*o**2 + 6*o - 6. Give r(1).
-23
Let r(o) = 3*o**3 - o**2 + 20*o + 32. Give r(-4).
-256
Let t(z) = z**3 - 37*z**2 - 59*z - 652. What is t(39)?
89
Let s(m) = 2*m**2 - 1325*m - 10721. Calculate s(-8).
7
Let n(b) = -13*b - 176. What is n(-18)?
58
Let b(s) = s**3 - 87*s**2 - 83*s - 445. What is b(88)?
-5
Let n(v) = 22*v + 247. Determine n(-11).
5
Let l(i) = i**2 - 299*i + 884. Calculate l(3).
-4
Let l(v) = -2*v**3 - 9*v**2 - 25*v - 21. Calculate l(-3).
27
Let k(m) = -4*m**3 + 17*m**2 - 4*m - 2. Calculate k(0).
-2
Let s(m) = -m**3 - m**2 + 137*m - 19. Calculate s(11).
36
Let d(l) = -4*l**2 + 41*l - 11. Determine d(11).
-44
Let d(f) = 12*f**2 + 25*f - 136. What is d(-5)?
39
Let m(q) = -7*q**2 + 3*q + 5. Determine m(4).
-95
Let g(m) = m**2 + 193*m + 771. Calculate g(-4).
15
Let p(o) = 3*o**3 - 10*o**2 + 19*o - 23. Calculate p(2).
-1
Let f(l) = -l**2 - 8*l + 7. What is f(1)?
-2
Let c(l) = 2*l**2 - 43*l + 55. Determine c(12).
-173
Let k(s) = -101*s**2 - 28*s - 1. Calculate k(-2).
-349
Let u(i) = 2*i**3 - 3*i**2 - 5*i + 5. Determine u(6).
299
Let g(k) = -3*k**3 - 51*k**2 + 17*k + 288. Calculate g(-17).
-1
Let h(y) = y**3 + y**2 - 4*y + 72. What is h(0)?
72
Let n(y) = 4*y**2 + 406*y - 661. Give n(-103).
-43
Let g(r) = 106*r - 1910. What is g(18)?
-2
Let t(p) = 31*p - 16. Give t(-5).
-171
Let s(f) = -7*f**3 - 8*f**2 - 9*f + 7. What is s(3)?
-281
Let c(i) = 97*i + 13. Calculate c(3).
304
Let z(l) = l**3 - 10*l**2 + 1512*l - 10471. Give z(7).
-34
Let q(u) = u**3 + 23*u**2 + 125*u + 87. Determine q(-15).
12
Let o(x) = -x**2 + 132*x - 900. Determine o(124).
92
Let y(x) = 2*x**3 - 21*x**2 - 36*x - 27. Calculate y(12).
-27
Let v(j) = 36*j**2 + j. Calculate v(1).
37
Let i(j) = -j**2 - 13*j + 723. Calculate i(22).
-47
Let b(a) = 2*a**3 - 46*a**2 + 12*a + 40. Give b(23).
316
Let a(x) = -5*x**2 + 217*x - 1128. What is a(6)?
-6
Let f(r) = -r**3 + 21*r**2 + 33*r - 175. Give f(22).
67
Let i(r) = 71*r + 1062. Calculate i(-13).
139
Let p(x) = x**2 - 30*x + 101. Calculate p(11).
-108
Let i(c) = c**3 + 4*c**2 - 46*c - 98. Give i(-2).
2
Let p(z) = -689*z + 27559. Give p(40).
-1
Let i(g) = 681*g - 6126. Calculate i(9).
3
Let w(o) = 102*o + 3569. What is w(-36)?
-103
Let s(x) = -9*x**3 + 20*x**2 - 23*x + 44. Calculate s(2).
6
Let w(a) = -2*a**3 + 30*a**2 - 29*a - 11. What is w(13)?
288
Let x(c) = 4*c - 167. What is x(16)?
-103
Let c(n) = -3*n**2 + 77*n + 1243. Determine c(-11).
33
Let g(d) = 2*d + 16. Calculate g(-8).
0
Let q(w) = 2*w**2 - 51*w + 61. What is q(24)?
-11
Let a(b) = 116*b**2 + 925*b - 40. Determine a(-8).
-16
Let l(m) = -2*m**3 - 55*m**2 + 270*m - 579. Give l(-32).
-3
Let b(q) = -23*q**2 - 12*q - 21. Calculate b(-2).
-89
Let i(f) = -2*f**2 + 32*f + 288. Give i(-7).
-34
Let b(a) = -5*a**3 + 66*a**2 - 12*a - 33. Calculate b(13).
-20
Let v(u) = -15*u**2 - 110*u + 11. What is v(-6)?
131
Let g(y) = -24*y**3 + 5*y**2 + 9*y + 13. What is g(3)?
-563
Let y(x) = 6*x**2 + 17*x + 32. What is y(-4)?
60
Let n(y) = -198*y - 6343. Determine n(-32).
-7
Let n(w) = -w**2 - 39*w - 286. What is n(-9)?
-16
Let h(p) = -2*p**3 - 42*p**2 + 9*p - 10. Determine h(-21).
-199
Let k(z) = -z**3 - 11*z**2 - 15*z - 275. Determine k(-12).
49
Let a(f) = -3*f**3 + 181*f**2 - 56*f - 235. Determine a(60).
5
Let d(o) = -o**3 - 32*o**2 - 218*o + 27. Calculate d(-10).
7
Let k(y) = 2*y**3 - 39*y**2 - 592*y - 13. Calculate k(-10).
7
Let v(w) = 5*w**2 - 4*w + 2. Determine v(0).
2
Let a(o) = o**3 - 29*o**2 - 2*o - 21. Determine a(29).
-79
Let m(i) = -23*i**2 + 49*i - 52. Determine m(1).
-26
Let g(s) = -3*s**2 + 7445*s + 22345. Calculate g(-3).
-17
Let q(m) = m**3 - 4*m**2 + 40*m - 286. Calculate q(6).
26
Let t(p) = -p**2 + 4*p + 4. Calculate t(14).
-136
Let t(s) = -53*s + 1528. What is t(29)?
-9
Let k(j) = -31*j + 101. What is k(2)?
39
Let j(b) = -268*b - 64061. Determine j(-239).
-9
Let z(p) = -26*p**2 - 319*p + 1189. What is z(3)?
-2
Let i(o) = -22*o**2 - 19*o + 244. What is i(3)?
-11
Let y(z) = z**3 - 38*z**2 - 26*z - 496. Calculate y(39).
11
Let f(t) = -1558*t - 3124. What is f(-2)?
-8
Let p(a) = -2*a**3 - 31*a**2 - 21*a - 14. What is p(-15)?
76
Let k(n) = -310*n**2 + 910*n + 4. Calculate k(3).
-56
Let d(s) = s**3 - 17*s**2 - 70*s + 31. Give d(20).
-169
Let v(r) = -57*r**2 + 790*r + 16. Determine v(14).
-96
Let h(m) = 23*m + 143. Determine h(-11).
-110
Let h(a) = -48*a**2 - 145*a. What is h(-3)?
3
Let g(o) = -160*o**2 - 2575*o - 219. Determine g(-16).
21
Let r(h) = 54*h - 110. Determine r(10).
430
Let l(y) = -y**2 + 64*y + 718. Give l(-10).
-22
Let n(t) = 158*t - 16274. Determine n(103).
0
Let k(u) = -59*u - 11977. What is k(-203)?
0
Let d(k) = -k**2 + 30*k - 80. What is d(18)?
136
Let t(w) = 7*w**2 + 13*w + 33. What is t(-3)?
57
Let q(h) = h**3 + 6*h**2 + 38*h + 123. Give q(-4).
3
Let i(r) = -2*r**2 - 97*r - 990. Give i(-34).
-4
Let h(w) = 47*w + 814. Determine h(-22).
-220
Let m(t) = t**3 + 65*t**2 + 405*t + 64. Determine m(-58).
122
Let s(k) = k**3 - 97*k**2 + 372*k + 22. Calculate s(93).
22
Let g(v) = -8*v**3 + 39*v**2 - 4*v + 47. Give g(5).
2
Let o(r) = 7*r**2 + 237*r - 138. What is o(-34)?
-104
Let y(u) = -u**3 + 16*u**2 - 74*u + 147. Calculate y(10).
7
Let g(n) = 406*n - 5233. Give g(13).
45
Let l(j) = j**3 - 28*j**2 + 201*j - 85. Give l(15).
5
Let m(b) = b**2 - 23*b + 43. Give m(16).
-69
Let n(g) = g**3 - 24*g**2 - 81*g - 52. Determine n(27).
-52
Let u(j) = -2*j**2 - 220*j - 214. Calculate u(-109).
4
Let c(v) = 1205*v + 6024. Calculate c(-5).
-1
Let u(w) = 11*w**3 - 3*w**2 + w + 2. What is u(1)?
11
Let d(q) = -q**3 